{"id":848,"date":"2018-06-08T05:58:53","date_gmt":"2018-06-08T05:58:53","guid":{"rendered":"https:\/\/fortressangola.com\/fa3\/index.php\/contact-us\/"},"modified":"2023-07-05T10:02:50","modified_gmt":"2023-07-05T10:02:50","slug":"contact-us","status":"publish","type":"page","link":"https:\/\/fortressangola.com\/fa3\/index.php\/contact-us\/","title":{"rendered":"Contact Us"},"content":{"rendered":"<section class=\"wpb-content-wrapper\">[vc_row full_width=&#8221;stretch_row&#8221; css=&#8221;.vc_custom_1538574325051{padding-bottom: 100px !important;background-color: #ededed !important;}&#8221;][vc_column offset=&#8221;vc_col-md-4&#8243;]<div class=\"cws_spacing cws_spacing_size_sm_desctop-on cws_spacing_tablet-on cws_spacing_mobile-on\"><div class=\"cws_spacing cws_spacing_default\" style=\"height:90px;\"><\/div> <div class=\"cws_spacing cws_spacing_size_sm_desctop\" style=\"height:90px;\"><\/div> <div class=\"cws_spacing cws_spacing_tablet\" style=\"height:90px;\"><\/div> <div class=\"cws_spacing cws_spacing_mobile\" style=\"height:50px;\"><\/div><\/div><div class='cws_textmodule cws_vc_shortcode_module' id='cws_textmodule_69d0d945a2edc'><div class='cws_textmodule_wrapper '><div class='cws_textmodule_text text_align_left'><div class='cws_textmodule_titles display_block'><h4 class='cws_textmodule_subtitle'>Have a<\/h4><h3 class='cws_textmodule_title'><strong>Question?<\/strong><\/h3><\/div><div class='cws_textmodule_content'><div class='text_content_wrapper'><ul class=\"square_style\">\n<li>Please let us know if you have a question or want to leave a comment<\/li>\n<\/ul>\n<\/div><\/div><\/div><\/div><\/div><div id='cws_service_item_69d0d945a3035' class='cws_service_item cws_vc_shortcode_module title_beside a-left'><div class='cws_service_item_wrapper clearfix'><span class='cws_searvice_icon_wrapper cws_searvice_side'><i class='cws_service_icon cws_vc_shortcode_icon_3\u0445 flaticon-facebook-placeholder-for-locate-places-on-maps'><\/i><\/span><div class='cws_service_info'><h6 class='cws_service_title standard_spacing'>ADDRESS INFO:<\/h6><div class='cws_service_desc clearfix'><p>Fortress Petr\u00f3leo &amp; G\u00e1s (SU), LDA Edif\u00edcio Mui-Boma, #202 Via Pr\u00eamio Dubai, Condom\u00ednio Balumuka, Talatona, Luanda, Angola<\/p>\n<\/div><\/div><\/div><\/div><div id='cws_service_item_69d0d945a3176' class='cws_service_item cws_vc_shortcode_module title_beside a-left  vc_custom_1682502525526'><div class='cws_service_item_wrapper clearfix'><span class='cws_searvice_icon_wrapper cws_searvice_side'><i class='cws_service_icon cws_vc_shortcode_icon_3\u0445 flaticon-technology-4'><\/i><\/span><div class='cws_service_info'><h6 class='cws_service_title standard_spacing'>CUSTOMER CARE:<\/h6><div class='cws_service_desc clearfix'><p style=\"margin-bottom: 0px;\">+244 921 882 885<\/p>\n<\/div><\/div><\/div><\/div><div id='cws_service_item_69d0d945a3295' class='cws_service_item cws_vc_shortcode_module title_beside a-left  vc_custom_1681461053114'><div class='cws_service_item_wrapper clearfix'><span class='cws_searvice_icon_wrapper cws_searvice_side'><i class='cws_service_icon cws_vc_shortcode_icon_3\u0445 flaticon-dark'><\/i><\/span><div class='cws_service_info'><h6 class='cws_service_title standard_spacing'>OUR EMAILS:<\/h6><div class='cws_service_desc clearfix'><p>info@fortressangola.com<\/p>\n<\/div><\/div><\/div><\/div><div id=\"trendustry_soc_icon_69d0d945a32f7\" class=\"cws_social_icons icon_size_regular a-left\"><a href='https:\/\/www.facebook.com\/' class='cws_icon fa fa-facebook' style='color:#ffffff;background:#1d2d46;border-color:#1d2d46;font-size:15px;' target='_blank'  title='Facebook'><\/a><a href='https:\/\/plus.google.com\/' class='cws_icon fa fa-google-plus' style='color:#ffffff;background:#1d2d46;border-color:#1d2d46;font-size:15px;' target='_blank'  title='Google+'><\/a><a href='https:\/\/twitter.com\/' class='cws_icon fa fa-twitter' style='color:#ffffff;background:#1d2d46;border-color:#1d2d46;font-size:15px;' target='_blank'  title='Twitter'><\/a><a href='https:\/\/www.instagram.com\/' class='cws_icon fa fa-instagram' style='color:#ffffff;background:#1d2d46;border-color:#1d2d46;font-size:15px;' target='_blank'  title='Instagram'><\/a><a href='https:\/\/www.linkedin.com\/' class='cws_icon fa fa-linkedin' style='color:#ffffff;background:#1d2d46;border-color:#1d2d46;font-size:15px;' target='_blank'  title='Linkedin'><\/a><\/div>[\/vc_column][vc_column offset=&#8221;vc_col-md-8&#8243;]<div class=\"cws_spacing cws_spacing_size_sm_desctop-on cws_spacing_tablet-on cws_spacing_mobile-on\"><div class=\"cws_spacing cws_spacing_default\" style=\"height:90px;\"><\/div> <div class=\"cws_spacing cws_spacing_size_sm_desctop\" style=\"height:90px;\"><\/div> <div class=\"cws_spacing cws_spacing_tablet\" style=\"height:90px;\"><\/div> <div class=\"cws_spacing cws_spacing_mobile\" style=\"height:70px;\"><\/div><\/div>[vc_row_inner][vc_column_inner]\n<div class=\"wpcf7 no-js\" id=\"wpcf7-f4710-o1\" lang=\"en-US\" dir=\"ltr\">\n<div class=\"screen-reader-response\"><p role=\"status\" aria-live=\"polite\" aria-atomic=\"true\"><\/p> <ul><\/ul><\/div>\n<form action=\"\/fa3\/index.php\/wp-json\/wp\/v2\/pages\/848#wpcf7-f4710-o1\" method=\"post\" class=\"wpcf7-form init\" aria-label=\"Contact form\" novalidate=\"novalidate\" data-status=\"init\">\n<div style=\"display: none;\">\n<input type=\"hidden\" name=\"_wpcf7\" value=\"4710\" \/>\n<input type=\"hidden\" name=\"_wpcf7_version\" value=\"5.7.5.1\" \/>\n<input type=\"hidden\" name=\"_wpcf7_locale\" value=\"en_US\" \/>\n<input type=\"hidden\" name=\"_wpcf7_unit_tag\" value=\"wpcf7-f4710-o1\" \/>\n<input type=\"hidden\" name=\"_wpcf7_container_post\" value=\"0\" \/>\n<input type=\"hidden\" name=\"_wpcf7_posted_data_hash\" value=\"\" \/>\n<\/div>\n<p><span class=\"wpcf7-form-control-wrap\" data-name=\"text-577\"><input size=\"40\" class=\"wpcf7-form-control wpcf7-text wpcf7-validates-as-required cws_width_50\" aria-required=\"true\" aria-invalid=\"false\" placeholder=\"Name*\" value=\"\" type=\"text\" name=\"text-577\" \/><\/span>\n<\/p>\n<p><span class=\"wpcf7-form-control-wrap\" data-name=\"text-577\"><input size=\"40\" class=\"wpcf7-form-control wpcf7-text wpcf7-validates-as-required cws_width_50\" aria-required=\"true\" aria-invalid=\"false\" placeholder=\"Last Name*\" value=\"\" type=\"text\" name=\"text-577\" \/><\/span>\n<\/p>\n<p><span class=\"wpcf7-form-control-wrap\" data-name=\"mail-577\"><input size=\"40\" class=\"wpcf7-form-control wpcf7-text wpcf7-email wpcf7-validates-as-required wpcf7-validates-as-email cws_width_50\" aria-required=\"true\" aria-invalid=\"false\" placeholder=\"E-mail*\" value=\"\" type=\"email\" name=\"mail-577\" \/><\/span>\n<\/p>\n<p><span class=\"wpcf7-form-control-wrap\" data-name=\"telefon\"><input size=\"40\" class=\"wpcf7-form-control wpcf7-text wpcf7-validates-as-required cws_width_50 tel\" aria-required=\"true\" aria-invalid=\"false\" placeholder=\"+244 (___) ___-___\" value=\"\" type=\"text\" name=\"telefon\" \/><\/span>\n<\/p>\n<p><span class=\"wpcf7-form-control-wrap\" data-name=\"text-508\"><input size=\"40\" class=\"wpcf7-form-control wpcf7-text wpcf7-validates-as-required cws_width_50\" aria-required=\"true\" aria-invalid=\"false\" placeholder=\"Your Company\" value=\"\" type=\"text\" name=\"text-508\" \/><\/span>\n<\/p>\n<p><span class=\"wpcf7-form-control-wrap\" data-name=\"menu-160\"><select class=\"wpcf7-form-control wpcf7-select wpcf7-validates-as-required cws_width_50\" aria-required=\"true\" aria-invalid=\"false\" name=\"menu-160\"><option value=\"General Enquiry\">General Enquiry<\/option><option value=\"Observation\">Observation<\/option><option value=\"Complaint or Recommendation\">Complaint or Recommendation<\/option><\/select><\/span>\n<\/p>\n<p><span class=\"wpcf7-form-control-wrap\" data-name=\"textarea-60\"><textarea cols=\"40\" rows=\"5\" class=\"wpcf7-form-control wpcf7-textarea\" aria-invalid=\"false\" placeholder=\"Message\" name=\"textarea-60\"><\/textarea><\/span>\n<\/p>\n<p><input class=\"wpcf7-form-control has-spinner wpcf7-submit cws_submit cws_second_color\" type=\"submit\" value=\"SEND MESSAGE\" \/>\n<\/p><p style=\"display: none !important;\" class=\"akismet-fields-container\" data-prefix=\"_wpcf7_ak_\"><label>&#916;<textarea name=\"_wpcf7_ak_hp_textarea\" cols=\"45\" rows=\"8\" maxlength=\"100\"><\/textarea><\/label><input type=\"hidden\" id=\"ak_js_1\" name=\"_wpcf7_ak_js\" value=\"132\"\/><script>document.getElementById( \"ak_js_1\" ).setAttribute( \"value\", ( new Date() ).getTime() );<\/script><\/p><div class=\"wpcf7-response-output\" aria-hidden=\"true\"><\/div>\n<\/form>\n<\/div>\n[\/vc_column_inner][\/vc_row_inner][\/vc_column][\/vc_row]\n<\/section>","protected":false},"excerpt":{"rendered":"<p>[vc_row full_width=&#8221;stretch_row&#8221; css=&#8221;.vc_custom_1538574325051{padding-bottom: 100px !important;background-color: #ededed !important;}&#8221;][vc_column offset=&#8221;vc_col-md-4&#8243;][\/vc_column][vc_column offset=&#8221;vc_col-md-8&#8243;][vc_row_inner][vc_column_inner][\/vc_column_inner][\/vc_row_inner][\/vc_column][\/vc_row]<\/p>\n","protected":false},"author":1,"featured_media":0,"parent":0,"menu_order":0,"comment_status":"closed","ping_status":"closed","template":"","meta":[],"_links":{"self":[{"href":"https:\/\/fortressangola.com\/fa3\/index.php\/wp-json\/wp\/v2\/pages\/848"}],"collection":[{"href":"https:\/\/fortressangola.com\/fa3\/index.php\/wp-json\/wp\/v2\/pages"}],"about":[{"href":"https:\/\/fortressangola.com\/fa3\/index.php\/wp-json\/wp\/v2\/types\/page"}],"author":[{"embeddable":true,"href":"https:\/\/fortressangola.com\/fa3\/index.php\/wp-json\/wp\/v2\/users\/1"}],"replies":[{"embeddable":true,"href":"https:\/\/fortressangola.com\/fa3\/index.php\/wp-json\/wp\/v2\/comments?post=848"}],"version-history":[{"count":9,"href":"https:\/\/fortressangola.com\/fa3\/index.php\/wp-json\/wp\/v2\/pages\/848\/revisions"}],"predecessor-version":[{"id":4823,"href":"https:\/\/fortressangola.com\/fa3\/index.php\/wp-json\/wp\/v2\/pages\/848\/revisions\/4823"}],"wp:attachment":[{"href":"https:\/\/fortressangola.com\/fa3\/index.php\/wp-json\/wp\/v2\/media?parent=848"}],"curies":[{"name":"wp","href":"https:\/\/api.w.org\/{rel}","templated":true}]}}